e prime factors of 745.
5, 149
List the prime factors of 135.
3, 5
List the prime factors of 13231.
101, 131
What are the prime factors of 29387?
29387
List the prime factors of 43949.
71, 619
List the prime factors of 20756.
2, 5189
What are the prime factors of 1509?
3, 503
List the prime factors of 1095.
3, 5, 73
What are the prime factors of 10946?
2, 13, 421
List the prime factors of 880.
2, 5, 11
List the prime factors of 4375.
5, 7
What are the prime factors of 9524?
2, 2381
List the prime factors of 2054.
2, 13, 79
List the prime factors of 174848.
2, 683
List the prime factors of 9197.
17, 541
List the prime factors of 664.
2, 83
List the prime factors of 24265.
5, 23, 211
What are the prime factors of 57070?
2, 5, 13, 439
What are the prime factors of 3072?
2, 3
What are the prime factors of 1294?
2, 647
List the prime factors of 14993.
11, 29, 47
List the prime factors of 3141.
3, 349
What are the prime factors of 73?
73
List the prime factors of 20539.
19, 23, 47
List the prime factors of 50019.
3, 16673
What are the prime factors of 14472?
2, 3, 67
What are the prime factors of 8423?
8423
What are the prime factors of 2363?
17, 139
List the prime factors of 3397.
43, 79
What are the prime factors of 184?
2, 23
List the prime factors of 154081.
154081
List the prime factors of 17056.
2, 13, 41
What are the prime factors of 419?
419
What are the prime factors of 15869?
7, 2267
List the prime factors of 535.
5, 107
List the prime factors of 3486.
2, 3, 7, 83
List the prime factors of 4304.
2, 269
List the prime factors of 150364.
2, 37591
What are the prime factors of 37826?
2, 18913
List the prime factors of 28578.
2, 3, 11, 433
List the prime factors of 3989.
3989
List the prime factors of 417.
3, 139
What are the prime factors of 22950?
2, 3, 5, 17
What are the prime factors of 2053?
2053
List the prime factors of 4886.
2, 7, 349
List the prime factors of 13223.
7, 1889
What are the prime factors of 24648?
2, 3, 13, 79
List the prime factors of 921.
3, 307
List the prime factors of 7634.
2, 11, 347
What are the prime factors of 159789?
3, 7, 1087
What are the prime factors of 1290?
2, 3, 5, 43
What are the prime factors of 74692?
2, 71, 263
What are the prime factors of 12263?
12263
List the prime factors of 7125.
3, 5, 19
What are the prime factors of 920?
2, 5, 23
What are the prime factors of 164129?
7, 23447
What are the prime factors of 3676?
2, 919
List the prime factors of 1262.
2, 631
List the prime factors of 17975.
5, 719
What are the prime factors of 65311?
241, 271
What are the prime factors of 48847?
48847
What are the prime factors of 349?
349
List the prime factors of 12002.
2, 17, 353
List the prime factors of 1668.
2, 3, 139
What are the prime factors of 16949?
17, 997
What are the prime factors of 25897?
19, 29, 47
What are the prime factors of 38272?
2, 13, 23
What are the prime factors of 76907?
76907
List the prime factors of 177.
3, 59
What are the prime factors of 602?
2, 7, 43
List the prime factors of 30157.
53, 569
List the prime factors of 15538.
2, 17, 457
What are the prime factors of 8015?
5, 7, 229
List the prime factors of 1700.
2, 5, 17
List the prime factors of 1535.
5, 307
List the prime factors of 2913.
3, 971
List the prime factors of 1039.
1039
List the prime factors of 10699.
13, 823
What are the prime factors of 35598?
2, 3, 17, 349
What are the prime factors of 5494?
2, 41, 67
List the prime factors of 218.
2, 109
What are the prime factors of 1113?
3, 7, 53
List the prime factors of 13792.
2, 431
What are the prime factors of 2863?
7, 409
List the prime factors of 4368.
2, 3, 7, 13
List the prime factors of 12208.
2, 7, 109
List the prime factors of 8715.
3, 5, 7, 83
List the prime factors of 1716.
2, 3, 11, 13
What are the prime factors of 6858?
2, 3, 127
What are the prime factors of 4456?
2, 557
List the prime factors of 5067.
3, 563
List the prime factors of 9425.
5, 13, 29
List the prime factors of 56927.
13, 29, 151
List the prime factors of 5290.
2, 5, 23
List the prime factors of 7173.
3, 797
What are the prime factors of 328?
2, 41
What are the prime factors of 817?
19, 43
What are the prime factors of 882?
2, 3, 7
What are the prime factors of 739?
739
List the prime factors of 40773.
3, 13591
List the prime factors of 1773.
3, 197
What are the prime factors of 66104?
2, 8263
What are the prime factors of 3504?
2, 3, 73
List the prime factors of 41528.
2, 29, 179
What are the prime factors of 7672?
2, 7, 137
List the prime factors of 10116.
2, 3, 281
What are the prime factors of 3304?
2, 7, 59
List the prime factors of 4939.
11, 449
List the prime factors of 41536.
2, 11, 59
List the prime factors of 480.
2, 3, 5
List the prime factors of 629.
17, 37
List the prime factors of 2538.
2, 3, 47
List the prime factors of 2013.
3, 11, 61
What are the prime factors of 2016?
2, 3, 7
What are the prime factors of 12030?
2, 3, 5, 401
What are the prime factors of 9895?
5, 1979
List the prime factors of 19625.
5, 157
What are the prime factors of 31649?
31649
List the prime factors of 10227.
3, 7, 487
List the prime factors of 115125.
3, 5, 307
What are the prime factors of 3145?
5, 17, 37
List the prime factors of 1080.
2, 3, 5
List the prime factors of 190.
2, 5, 19
List the prime factors of 267.
3, 89
What are the prime factors of 8535?
3, 5, 569
List the prime factors of 1169.
7, 167
List the prime factors of 18009.
3, 23, 29
What are the prime factors of 33367?
61, 547
What are the prime factors of 915?
3, 5, 61
What are the prime factors of 781?
11, 71
What are the prime factors of 45878?
2, 7, 29, 113
What are the prime factors of 45782?
2, 11, 2081
List the prime factors of 21515.
5, 13, 331
List the prime factors of 8602.
2, 11, 17, 23
What are the prime factors of 10809?
3, 1201
What are the prime factors of 916?
2, 229
List the prime factors of 1091.
1091
What are the prime factors of 86852?
2, 21713
List the prime factors of 2924.
2, 17, 43
What are the prime factors of 12074?
2, 6037
What are the prime factors of 2548?
2, 7, 13
List the prime factors of 872.
2, 109
List the prime factors of 5116.
2, 1279
List the prime factors of 5757.
3, 19, 101
What are the prime factors of 989?
23, 43
What are the prime factors of 65?
5, 13
What are the prime factors of 1804?
2, 11, 41
List the prime factors of 7178.
2, 37, 97
List the prime factors of 19816.
2, 2477
List the prime factors of 541.
541
What are the prime factors of 35403?
3, 11801
List the prime factors of 89910.
2, 3, 5, 37
What are the prime factors of 2309?
2309
What are the prime factors of 1527?
3, 509
What are the prime factors of 14968?
2, 1871
What are the prime factors of 6686?
2, 3343
List the prime factors of 30627.
3, 41, 83
What are the prime factors of 1033?
1033
List the prime factors of 33193.
19, 1747
List the prime factors of 811.
811
List the prime factors of 74398.
2, 37199
What are the prime factors of 1639?
11, 149
What are the prime factors of 5040?
2, 3, 5, 7
What are the prime factors of 28?
2, 7
What are the prime factors of 265?
5, 53
What are the prime factors of 129034?
2, 149, 433
What are the prime factors of 2478?
2, 3, 7, 59
List the prime factors of 902.
2, 11, 41
List the prime factors of 7915.
5, 1583
List the prime factors of 82955.
5, 47, 353
List the prime factors of 118469.
13, 701
What are the prime factors of 23087?
23087
What are the prime factors of 23348?
2, 13, 449
What are the prime factors of 479?
479
What are the prime factors of 197?
197
List the prime factors of 1201.
1201
What are the prime factors of 6672?
2, 3, 139
List the prime factors of 17033.
17033
List the prime factors of 20753.
20753
List the prime factors of 36409.
23, 1583
List the prime factors of 18803.
18803
List the prime factors of 6049.
23, 263
What are the prime factors of 778?
2, 389
What are the prime factors of 8262?
2, 3, 17
List the prime factors of 5853.
3, 1951
What are the prime factors of 12544?
2, 7
What are the prime factors of 5202?
2, 3, 17
What are the prime factors of 5196?
2, 3, 433
List the prime factors of 909.
3, 101
List the prime factors of 2701.
37, 73
What are the prime factors of 2795?
5, 13, 43
What are the prime factors of 649?
11, 59
What are the prime factors of 141067?
14